= -5*c - 10, 3*c = 4*r - 19 + 5. Calculate the highest common factor of c and 466.
2
Let s(c) = -14*c**3 + c**2 + 14*c + 6. Suppose 27*v = 13*v - 42. Let l be s(v). Calculate the highest common divisor of l and 78.
39
Suppose -4*h + 204 = -28*t + 30*t, -5*h + 5*t = -240. What is the highest common factor of h and 430?
10
Suppose -2*q = 25*y - 27*y - 1182, 4*q = -4*y + 2340. What is the greatest common divisor of 24 and q?
12
Let n = 18 - 14. Let v be n*3/36 + (-3166)/(-6). Suppose -28*s = -17*s - v. Calculate the highest common factor of s and 64.
16
Suppose 99*a - 104*a = -10, 4*a = -3*g + 164. Calculate the highest common divisor of g and 5954.
26
Let z(u) = 116*u + 4898. Let f be z(-42). Suppose -4*y + 886 + 414 = 0. What is the highest common factor of y and f?
13
Let d be 228/(-39) + (-16)/104 - -13. Let q be d - (-14)/((-56)/(-36)). Calculate the greatest common divisor of q and 928.
16
Let r = 18945 + -10647. Let h be (-4)/(-22) - r/(-99). Calculate the greatest common divisor of 63 and h.
21
Let p = 34923 + -33523. What is the highest common factor of 532 and p?
28
Let a(c) = 6*c**2 + 2*c - 41. Let s(z) = 7*z**2 + 3*z - 41. Let n(f) = 3*a(f) - 2*s(f). Let d be n(-8). Calculate the greatest common factor of 5 and d.
5
Suppose 0 = -13*m + 10488 + 13640. What is the highest common divisor of 192 and m?
64
Suppose 0 = 4*n - u - u - 222, 3*n - 2*u - 164 = 0. Suppose 4*m - 98 - n = 0. Suppose -66212 = -45*a - 66077. What is the highest common factor of m and a?
3
Let y = 1624 - 1426. Calculate the highest common divisor of y and 954.
18
Let o = 490 + -366. Suppose o - 46 = 2*l. Calculate the greatest common factor of l and 3.
3
Let q = -267 + 597. Suppose -8*w + q = 3*w. What is the greatest common factor of 210 and w?
30
Suppose -3*t = -864 - 1053. What is the highest common divisor of 9 and t?
9
Suppose -q + 36 + 8 = 0. Let x be q/(-55)*(1 - 774/4). Let s = 216 + -194. Calculate the greatest common factor of s and x.
22
Let q be 1/8 - 759/(-264). Suppose -2*w + 425 = 3*b, q*w + 0*b - 665 = b. What is the greatest common factor of 40 and w?
20
Suppose 1342 - 4019 = -12*h + 3323. Calculate the greatest common factor of h and 460.
20
Suppose -19*d + 21717 = -0*d. Let m = d - 143. What is the greatest common divisor of 50 and m?
50
Let h = 2404 + -2365. What is the greatest common divisor of h and 65?
13
Let c = 117 - 36. Suppose -4*o + c = 45. Calculate the highest common divisor of 18 and o.
9
Let j be (308/(-6))/(4 + (-70)/15). Let a = j - 75. Suppose a*o + 2*r = 30, 1 - 31 = -o + 2*r. Calculate the greatest common factor of o and 5.
5
Let d = -1184 + 1238. Let m = 10 + 2. Let o = m - 6. What is the highest common divisor of o and d?
6
Suppose 19*i = 14*i - 2*s + 130, -2*i + 5*s = -23. Calculate the highest common divisor of 36 and i.
12
Let n(y) = 3*y**2 + 44*y - 2048. Let l be n(23). Let j = 39 + -20. What is the greatest common factor of j and l?
19
Let s = 5626 + -3173. Let x = -1598 + s. Calculate the greatest common divisor of 45 and x.
45
Let o(x) = 7*x + 0*x + 167 - 166. Let n be o(-4). Let c be 6/n - 760/(-18). What is the greatest common factor of 6 and c?
6
Let b(n) be the first derivative of -8*n**2 + 161*n - 140. Let s be b(10). What is the highest common factor of s and 2?
1
Suppose -5*z = x - 575, -z + 115 = -0*z + 3*x. Let h = z - -29. Suppose 42 - 6 = 3*r. What is the highest common divisor of r and h?
12
Suppose 0*n - 10*n = -5*n. Suppose n = 9*f - 1478 - 205. Calculate the highest common divisor of f and 33.
11
Let j(p) = -p**3 + 52*p**2 + 21*p - 122. Let w be j(52). Calculate the highest common factor of w and 50.
10
Suppose 7 + 4 = 5*w - 2*h, 0 = -w + 2*h - 1. Let y be -5 + (3 - 1) - -132. What is the greatest common factor of w and y?
3
Let l(z) = 69*z - 74. Let d be l(5). Suppose k + 51 = t, 5*t - 3*k + 2*k - d = 0. What is the greatest common factor of 44 and t?
11
Suppose 5*j - 34 = -v - 0*v, -2*j = 2*v - 12. Let g(x) = 25*x - 31. Let o be g(j). Suppose 0 = -0*t + 3*t - 54. What is the greatest common divisor of t and o?
18
Suppose -19080 = -3*h - 2*h - 25*h. Calculate the greatest common factor of h and 84.
12
Suppose 3*o = 2*b + 53, 4*o + 3*b = 3*o + 14. Suppose 188 = o*y - 288. What is the greatest common divisor of y and 532?
28
Suppose -2*v + 11 = -l, 8*v - 9*v = 3*l + 5. Let s be l/2*248/(-93). Suppose 0*r - 5*r + 180 = 0. Calculate the greatest common divisor of s and r.
4
Let a be 6/(-9) - 52118/(-138). Calculate the greatest common factor of 91 and a.
13
Let i(o) = 3*o**2 - 3*o - 3. Let r be i(-1). Suppose -r*d + 660 = 2*d. Suppose 0 = 8*q - 48 - 48. What is the greatest common factor of d and q?
12
Let t be (-1)/2*(-33 + -3). Suppose 3*u - t = -2*n, 4*u + 3*n - 13 = 4*n. Let i(w) = -3*w + 43. Let h be i(11). Calculate the highest common factor of u and h.
2
Suppose -16*r - 615 - 519 = -34*r. Calculate the greatest common divisor of 161 and r.
7
Suppose 3*z = -3*q + 4*q - 9, -3*q + 37 = -4*z. Let n be ((-16)/144*-6)/(-3*6/(-11745)). What is the greatest common divisor of n and q?
15
Let z(y) = 79*y**3 - 7 - 13 - 8*y - 80*y**3 + 14*y**2. Let h be z(11). What is the greatest common divisor of 85 and h?
85
Suppose -9490 = -33*z + 6383. What is the highest common divisor of 221 and z?
13
Let s = -240 - -178. Let l = s + 83. Let g(q) = -q - 1. Let x be g(-4). Calculate the greatest common divisor of l and x.
3
Let m = 32 + -16. Suppose 0 = 42*s - 46*s + 2752. Calculate the greatest common divisor of s and m.
16
Let v be (95/(-285))/((-1)/126) + -5. Calculate the highest common factor of 2775 and v.
37
Suppose -241 = -5*y + 124. Let j = 54 - y. Let x(r) = 2*r + 41. Let f be x(j). What is the greatest common factor of 1 and f?
1
Let b(m) be the first derivative of 8*m**3/3 + 16*m**2 + 158. Let c be b(8). What is the highest common divisor of c and 48?
48
Let j(m) = 3*m**2 - 26*m + 31. Suppose 0 = -4*h + 3*u + 41, -8*h = -9*h - 5*u + 16. Let r be j(h). Calculate the highest common divisor of r and 72.
36
Suppose 2*a - a = -3*k + 34, -a = 5*k - 44. Let p be a - (4 + (6 - 6)). What is the highest common factor of 35 and p?
5
Let y = 27 - -9. Suppose -3*x - 89 = -4*t, -4*x + 9 = 5*t - 79. Suppose -h = -7 - t. What is the highest common factor of y and h?
9
Suppose -44 = -4*i - 2*d, 3*d + 12 = 2*i - 2. Let x(q) = q - 8*q**3 - 73 + 68 - 10*q**2 + 9*q**3. Let g be x(i). What is the highest common divisor of 40 and g?
5
Suppose 5*d + 252 = 7*d - 4*i, 4*d = -5*i + 465. Calculate the greatest common divisor of 75 and d.
15
Let t = -599 + 617. Let f(z) be the second derivative of z**3/6 + 7*z**2/2 + 8*z. Let u be f(5). Calculate the greatest common divisor of t and u.
6
Suppose 3*j = -9*j + 108. Suppose -4*x - 4*r + 32 = 0, -41 = x - 3*x + 3*r. Let y = x - j. Calculate the highest common divisor of 52 and y.
4
Suppose -199 = -12*p + 281 - 72. Calculate the highest common divisor of 26 and p.
2
Let d(q) = -q - 2. Let v be d(-3). Let j = 779 + -767. Calculate the greatest common divisor of j and v.
1
Let l = -1263 - -1284. Let j(y) = 0*y**3 + 4*y**3 - 8*y**2 + 3*y - 3*y**3 + y - 4. Let h be j(8). Calculate the greatest common divisor of h and l.
7
Suppose -3*u = -3*t - 31 - 257, -5*t = 0. Suppose 4*r + 2*k - 7 + 85 = 0, 5*r + k + u = 0. Let a = -13 - r. Calculate the highest common factor of 42 and a.
6
Let f(n) = -n**3 - 3*n**2 - 14*n + 444. Let i be f(0). Calculate the highest common divisor of i and 148.
148
Let i be 260 - -2*20/(-5). What is the highest common divisor of 36 and i?
36
Let c = -482 + 460. Let i be 696/10 - (-2)/5. Let s = c + i. What is the highest common divisor of s and 32?
16
Let t be (-10)/(-25) - (-604)/(-10). Let o be ((-620)/(-40))/((-3)/t). What is the greatest common factor of 10 and o?
10
Let a(y) = 67*y - 2545. Let f be a(38). Let v(t) = -t**3 - 4*t**2 + 4*t - 4. Let m be v(-5). Let w = 3 - m. Calculate the highest common divisor of f and w.
1
Let n(z) = 9933*z - 19821. Let d be n(2). Let q = -25 + 80. What is the highest common divisor of q and d?
5
Let w = 4153 - 4008. Calculate the highest common divisor of w and 10585.
145
Let k be 4/(-8)*0 - -2. Suppose 4*p - k*p = -90. Let s = -40 - p. Calculate the greatest common factor of s and 25.
5
Let g = -10 - -10. Suppose 5*z - p - 1930 = 0, g*p